{"id":454,"date":"2020-11-22T18:39:01","date_gmt":"2020-11-22T17:39:01","guid":{"rendered":"https:\/\/www.degaarner.de\/?page_id=454"},"modified":"2020-11-22T18:39:18","modified_gmt":"2020-11-22T17:39:18","slug":"pflanzungen","status":"publish","type":"page","link":"https:\/\/www.degaarner.de\/?page_id=454","title":{"rendered":"Pflanzungen"},"content":{"rendered":"\n<p>Sie m\u00f6chten ihre vorhandenen Beete neu gestalten? Oder planen neue anzulegen? Auch hier berate ich sie gerne.<\/p>\n\n\n\n<p>Bei der Auswahl der richtigen Pflanzen gilt es die Standortbedingungen zu ber\u00fccksichtigen und diese Vorort festzustellen. Im Idealfall beprobt man den vorhanden Boden um bedarfsgerecht zu d\u00fcngen bzw., um festzustellen, ob und wie viel D\u00fcnger n\u00f6tig ist. Jedoch k\u00f6nnen hier auch sogenannte Zeigerpflanzen einen kleinen Aufschluss geben, welche N\u00e4hrstoffe vorhanden sind.<\/p>\n\n\n\n<p>Je nach Umfang ist dies ein sehr Zeitaufwendiges Vorhaben,welches bei gew\u00fcnschter Planung von ihnen in Vorkasse bezahlt und Pl\u00e4ne somit erworben werden m\u00fcssen.<\/p>\n\n\n\n<p>Die Pl\u00e4ne werden mit ihnen in enger Zusammenarbeit entworfen. Sie nennen mir gew\u00fcnschte Farben und eventuelle Wunschpflanzen und welchen Zweck das Beet erf\u00fcllen soll.<\/p>\n","protected":false},"excerpt":{"rendered":"<div class=\"slide-text-bg2\">\n<h3>Sie m\u00f6chten ihre vorhandenen Beete neu gestalten? Oder planen neue anzulegen? Auch hier berate ich sie gerne. Bei der Auswahl<\/h3>\n<\/div>\n<div class=\"flex-btn-div\"><a href=\"https:\/\/www.degaarner.de\/?page_id=454\" class=\"btn1 flex-btn\">Weiterlesen<\/a><\/div>\n","protected":false},"author":1,"featured_media":0,"parent":0,"menu_order":0,"comment_status":"closed","ping_status":"closed","template":"","meta":{"footnotes":""},"class_list":["post-454","page","type-page","status-publish","hentry"],"amp_enabled":true,"_links":{"self":[{"href":"https:\/\/www.degaarner.de\/index.php?rest_route=\/wp\/v2\/pages\/454","targetHints":{"allow":["GET"]}}],"collection":[{"href":"https:\/\/www.degaarner.de\/index.php?rest_route=\/wp\/v2\/pages"}],"about":[{"href":"https:\/\/www.degaarner.de\/index.php?rest_route=\/wp\/v2\/types\/page"}],"author":[{"embeddable":true,"href":"https:\/\/www.degaarner.de\/index.php?rest_route=\/wp\/v2\/users\/1"}],"replies":[{"embeddable":true,"href":"https:\/\/www.degaarner.de\/index.php?rest_route=%2Fwp%2Fv2%2Fcomments&post=454"}],"version-history":[{"count":2,"href":"https:\/\/www.degaarner.de\/index.php?rest_route=\/wp\/v2\/pages\/454\/revisions"}],"predecessor-version":[{"id":456,"href":"https:\/\/www.degaarner.de\/index.php?rest_route=\/wp\/v2\/pages\/454\/revisions\/456"}],"wp:attachment":[{"href":"https:\/\/www.degaarner.de\/index.php?rest_route=%2Fwp%2Fv2%2Fmedia&parent=454"}],"curies":[{"name":"wp","href":"https:\/\/api.w.org\/{rel}","templated":true}]}}