{"id":452,"date":"2020-11-22T18:27:58","date_gmt":"2020-11-22T17:27:58","guid":{"rendered":"https:\/\/www.degaarner.de\/?page_id=452"},"modified":"2025-02-10T22:07:56","modified_gmt":"2025-02-10T21:07:56","slug":"gehoelzschnitte","status":"publish","type":"page","link":"https:\/\/www.degaarner.de\/?page_id=452","title":{"rendered":"Geh\u00f6lzschnitte"},"content":{"rendered":"\n<p><strong>Geh\u00f6lzschnitte<\/strong><\/p>\n\n\n\n<p>Hier m\u00f6chte ich erw\u00e4hnen,dass Str\u00e4ucher und B\u00e4ume unterschiedliche Schnittmassnahmen ben\u00f6tigen oder gar vertragen. Unbedingt zu beachten sind hier die bundeseinheitlich F\u00e4ll- und Schnittverbote in der Baum- und Geh\u00f6lzpflege (\u00a7 39 BNatSchG).<\/p>\n\n\n\n<p> Diese Regelungen betreffen B\u00e4ume, Hecken, lebende Z\u00e4une, Str\u00e4ucher und weitere Geh\u00f6lze in der Zeit vom 1. M\u00e4rz bis zum 30. September. Wer also in diesem Zeitraum seine Geh\u00f6lze beschneiden, f\u00e4llen oder roden m\u00f6chte, muss sich unbedingt im Vorhinein mit den gesetzlichen Regelungen seiner Kommune auseinander setzen. <\/p>\n\n\n\n<p>B\u00e4ume in g\u00e4rtnerisch genutzten Grundfl\u00e4chen sind zwar von den F\u00e4ll- und Schnittverboten nicht betroffen. Jedoch gibt es auch hier Lebensst\u00e4tten wild lebender Tiere oder es existieren in den Gemeinden gesonderte naturschutzrechtliche Vorschriften wie zum Beispiel eine Baumschutzsatzung, welche oft sehr schwammig beschrieben wird. Grundlegend ist von diversen Vorhaben ohne eine Genehmigung der Gemeinde abzuraten. Welche dies sind k\u00f6nnen wir gerne besprechen und uns vor Ort ansehen.<\/p>\n\n\n\n<p>Hecken, lebende Z\u00e4une, Str\u00e4ucher und andere Geh\u00f6lze unterliegen dagegen \u2013 auch in privaten G\u00e4rten oder in Gr\u00fcnanlagen \u2013 den F\u00e4ll- und Schnittverboten nach \u00a7 39 BNatSchG im Zeitraum von 1. M\u00e4rz bis 30. September. Beachten Sie also, dass der R\u00fcckschnitt von Hecken in dieser Zeit nicht erlaubt ist. Dies gilt jedoch nur f\u00fcr gr\u00f6\u00dfere Schnitte oder ein \u201eauf Stock setzen\u201c der Geh\u00f6lze. Schonende Formschnitte d\u00fcrfen Sie ganzj\u00e4hrig durchf\u00fchren. Auch Pflegeschnitte an Obstgeh\u00f6lzen sind aus der Verbotsregelung ausgenommen.<\/p>\n\n\n\n<p>Das fachgerechte Schneiden von Geh\u00f6lzen, also von B\u00e4umen und Str\u00e4uchern, ist eine wichtige Praxis, die sowohl die Gesundheit ihrer Pflanzen als auch deren \u00e4sthetisches Erscheinungsbild f\u00f6rdert. Es gibt jedoch bestimmte Grundlagen, die beim Schnitt beachtet werden sollten, sowie spezifische Techniken und Prinzipien, die auf die verschiedenen Arten von Geh\u00f6lzen zutreffen.<\/p>\n\n\n\n<h3 class=\"wp-block-heading\">Grundlagen des Geh\u00f6lzschnitts<\/h3>\n\n\n\n<ol class=\"wp-block-list\">\n<li><strong>Wachstumsgewohnheiten<\/strong>:\n<ul class=\"wp-block-list\">\n<li><strong>Wuchsformen<\/strong>: Geh\u00f6lze k\u00f6nnen in verschiedene Kategorien eingeteilt werden, wie z.B. aufrecht wachsende B\u00e4ume, strauchige Formen oder kletternde Pflanzen. Der Schnitt sollte die nat\u00fcrliche Wuchsform der Pflanze ber\u00fccksichtigen. Des weiteren gibt es Geh\u00f6lze die eher Basiton, Akroton oder Mesoton wachsen, auch dies nimmt Einfluss auf die Schnittma\u00dfnahme.<\/li>\n\n\n\n<li><strong>Wuchszyklen<\/strong>: Viele Geh\u00f6lze bl\u00fchen an ein- oder mehrj\u00e4hrigen Trieben. Ein Schnitt zur falschen Zeit kann die Bl\u00fcte beeintr\u00e4chtigen. Str\u00e4ucher, die im Fr\u00fchjahr bl\u00fchen, sollten nach der Bl\u00fcte geschnitten werden, w\u00e4hrend solche, die im Sommer bl\u00fchen, im sp\u00e4ten Winter oder fr\u00fchen Fr\u00fchjahr geschnitten werden sollten.<\/li>\n<\/ul>\n<\/li>\n\n\n\n<li><strong>Schnitttechniken<\/strong>:\n<ul class=\"wp-block-list\">\n<li><strong>Formative Schnitte<\/strong>: Diese Schnitte f\u00f6rdern unter anderem eine bestimmte Wuchsform und sollten in der Regel in den ersten Jahren nach der Pflanzung durchgef\u00fchrt werden, wenn sie Formgeh\u00f6lze blickdicht erziehen m\u00f6chten.<\/li>\n\n\n\n<li><strong>Erziehungsschnitte<\/strong>: Ziel ist es, die Pflanze zu einer bestimmten Form zu leiten oder daf\u00fcr zu sorgen, dass der Baum\/Strauch durch falschen Wuchs keine Schwachstellen entwickelt. Z.b Vermeidung von Zwieseln oder sekund\u00e4r Kronen. Dies kann durch das Entfernen von Konkurrenztrieben oder das Eink\u00fcrzen von Haupttrieben geschehen. Bzw dem Entfernen des After Leittrieb.<\/li>\n\n\n\n<li><strong>Erhaltungsschnitte<\/strong>: Diese Schnitte dienen der Gesundheit der Pflanze und umfassen das Entfernen von abgestorbenen, kranken oder \u00fcberkreuzenden \u00c4sten oder eine Regelm\u00e4\u00dfige Bl\u00fcte zu haben ohne eine \u00dcberalterung zu riskieren. Es gibt Gattungen die einen regelm\u00e4\u00dfigen Schnitt ben\u00f6tigen, damit sie nicht Bl\u00fchfaul werden. Dazu geh\u00f6ren z.b Deutzien oder Rispen-Hortensien um nur 2 Beispiele zu nennen<\/li>\n\n\n\n<li><strong>Verj\u00fcngungsschnitte<\/strong>: Bei alten Str\u00e4uchern kann ein radikaler R\u00fcckschnitt notwendig sein, um neues Wachstum zu f\u00f6rdern oder regelm\u00e4\u00dfig die kr\u00e4ftigsten Triebe zu entfernen. Vorausgesetzt die Gattung\/Art vertr\u00e4gt starke Schnitte. Die Zaubernuss z.b ist kein Fan der Kr\u00e4ftigen Eingriffe<\/li>\n<\/ul>\n<\/li>\n\n\n\n<li><strong>Schnittwerkzeuge<\/strong>:\n<ul class=\"wp-block-list\">\n<li>Scharfe und saubere Werkzeuge sind entscheidend, um saubere Schnitte zu gew\u00e4hrleisten und Verletzungen an der Pflanze zu minimieren. Zu den g\u00e4ngigen Werkzeugen geh\u00f6ren Handschneider, Astschneider und Baums\u00e4gen.<\/li>\n<\/ul>\n<\/li>\n<\/ol>\n\n\n\n<h3 class=\"wp-block-heading\">Pflanzenvielfalt und spezifische Schnitttechniken<\/h3>\n\n\n\n<p>Nicht jede Pflanze sollten sie auf die gleiche Weise geschnitten werden. Es ist wichtig, die spezifischen Anforderungen und Eigenschaften ihrer verschiedenen Pflanzenarten zu ber\u00fccksichtigen:<\/p>\n\n\n\n<ul class=\"wp-block-list\">\n<li><strong>Laubb\u00e4ume<\/strong>: Diese sollten in der Regel im sp\u00e4ten Winter oder Fr\u00fchling geschnitten werden, um das Risiko von Krankheiten zu minimieren. Starke R\u00fcckschnitte k\u00f6nnen das Wachstum f\u00f6rdern, w\u00e4hrend leichte Form- und Erhaltungsschnitte die Struktur verbessern. <\/li>\n\n\n\n<li><strong>Nadelb\u00e4ume<\/strong>: Diese ben\u00f6tigen oft weniger Schnitt als Laubb\u00e4ume. Ein gezielter Schnitt kann jedoch helfen, die Form zu erhalten. Es ist ratsam, nur die toten oder besch\u00e4digten \u00c4ste zu entfernen.<\/li>\n\n\n\n<li><strong>Str\u00e4ucher<\/strong>: Diese k\u00f6nnen je nach Art unterschiedlich geschnitten werden. Einige bl\u00fchen am alten Holz, andere am neuen. Es ist wichtig, die Bl\u00fchzeit und das Wuchsverhalten zu kennen, um den Schnitt zur richtigen Zeit durchzuf\u00fchren.<\/li>\n\n\n\n<li><strong>Obstgeh\u00f6lze<\/strong>: Diese ben\u00f6tigen spezielle Schnitt und Erziehungs ,-Techniken, um die Fruchtbildung zu f\u00f6rdern. Ein regelm\u00e4\u00dfiger Schnitt ist hier wichtig. Ich pflege Obstb\u00e4ume nach der jeweiligen Erziehung und unter Ber\u00fccksichtigung der Gattung. Gro\u00dfkronige B\u00e4ume sollten Naturnah nach Oeschberg-Palmer geschnitten und erzogen werden.<\/li>\n<\/ul>\n\n\n\n<h3 class=\"wp-block-heading\">Fazit<\/h3>\n\n\n\n<p>Das fachgerechte Schneiden von Geh\u00f6lzen erfordert Wissen \u00fcber die spezifischen Anforderungen der jeweiligen Pflanzengattung sowie ein Verst\u00e4ndnis f\u00fcr deren Habitus. Jeder Baum oder Strauch hat individuelle Eigenschaften, die beim Schnitt ber\u00fccksichtigt werden m\u00fcssen. Daher ist es wichtig, sich im Vorfeld \u00fcber die spezifischen Anspr\u00fcche der jeweiligen Pflanze zu informieren und die Schnitttechniken entsprechend anzupassen. Ein gut geplanter und durchgef\u00fchrter Schnitt kann die Gesundheit und die Sch\u00f6nheit von Geh\u00f6lzen erheblich f\u00f6rdern. Melden sie sich, wenn sie dabei Hilfe ben\u00f6tigen.<\/p>\n\n\n\n<p><\/p>\n","protected":false},"excerpt":{"rendered":"<div class=\"slide-text-bg2\">\n<h3>Geh\u00f6lzschnitte Hier m\u00f6chte ich erw\u00e4hnen,dass Str\u00e4ucher und B\u00e4ume unterschiedliche Schnittmassnahmen ben\u00f6tigen oder gar vertragen. Unbedingt zu beachten sind hier die<\/h3>\n<\/div>\n<div class=\"flex-btn-div\"><a href=\"https:\/\/www.degaarner.de\/?page_id=452\" class=\"btn1 flex-btn\">Weiterlesen<\/a><\/div>\n","protected":false},"author":1,"featured_media":0,"parent":0,"menu_order":0,"comment_status":"closed","ping_status":"closed","template":"","meta":{"footnotes":""},"class_list":["post-452","page","type-page","status-publish","hentry"],"amp_enabled":true,"_links":{"self":[{"href":"https:\/\/www.degaarner.de\/index.php?rest_route=\/wp\/v2\/pages\/452","targetHints":{"allow":["GET"]}}],"collection":[{"href":"https:\/\/www.degaarner.de\/index.php?rest_route=\/wp\/v2\/pages"}],"about":[{"href":"https:\/\/www.degaarner.de\/index.php?rest_route=\/wp\/v2\/types\/page"}],"author":[{"embeddable":true,"href":"https:\/\/www.degaarner.de\/index.php?rest_route=\/wp\/v2\/users\/1"}],"replies":[{"embeddable":true,"href":"https:\/\/www.degaarner.de\/index.php?rest_route=%2Fwp%2Fv2%2Fcomments&post=452"}],"version-history":[{"count":3,"href":"https:\/\/www.degaarner.de\/index.php?rest_route=\/wp\/v2\/pages\/452\/revisions"}],"predecessor-version":[{"id":579,"href":"https:\/\/www.degaarner.de\/index.php?rest_route=\/wp\/v2\/pages\/452\/revisions\/579"}],"wp:attachment":[{"href":"https:\/\/www.degaarner.de\/index.php?rest_route=%2Fwp%2Fv2%2Fmedia&parent=452"}],"curies":[{"name":"wp","href":"https:\/\/api.w.org\/{rel}","templated":true}]}}